{"id":31,"date":"2015-06-01T09:22:30","date_gmt":"2015-06-01T09:22:30","guid":{"rendered":"http:\/\/moholmenmarina.no\/?page_id=31"},"modified":"2021-06-14T14:16:02","modified_gmt":"2021-06-14T12:16:02","slug":"havna","status":"publish","type":"page","link":"http:\/\/moholmenmarina.no\/index.php\/havna\/","title":{"rendered":"Havna"},"content":{"rendered":"<p><a href=\"http:\/\/moholmenmarina.no\/wp-content\/uploads\/2015\/06\/5.jpg\"><img loading=\"lazy\" decoding=\"async\" class=\"alignnone  wp-image-169\" src=\"http:\/\/moholmenmarina.no\/wp-content\/uploads\/2015\/06\/5.jpg\" alt=\"5\" width=\"585\" height=\"390\" srcset=\"http:\/\/moholmenmarina.no\/wp-content\/uploads\/2015\/06\/5.jpg 800w, http:\/\/moholmenmarina.no\/wp-content\/uploads\/2015\/06\/5-300x200.jpg 300w\" sizes=\"auto, (max-width: 585px) 100vw, 585px\" \/><\/a><\/p>\n<p class=\"p1\"><span class=\"s1\">Moskj\u00e6ran Marina ble etablert i 2008 av ildsjeler som hadde tro p\u00e5 en sentrumsn\u00e6r sm\u00e5b\u00e5thavn. Det er brukt ca kr. 10.000.000 for \u00e5 f\u00e5 havnen slik den er i dag. <\/span><\/p>\n<p class=\"p1\"><span class=\"s1\">Det er totalt 75 b\u00e5tplasser i marinaen og det er 10 gjesteplasser. <\/span><\/p>\n<p class=\"p1\"><span class=\"s1\">Pris for gjesteplasser er kr. 150,- pr. d\u00f8gn. Det er vann og str\u00f8m p\u00e5 bryggene. Vi bruker Vipps.<\/span><\/p>\n<p class=\"p1\"><a href=\"http:\/\/moholmenmarina.no\/wp-content\/uploads\/2015\/06\/brygge.png\"><img loading=\"lazy\" decoding=\"async\" class=\"alignnone wp-image-174\" src=\"http:\/\/moholmenmarina.no\/wp-content\/uploads\/2015\/06\/brygge-1024x716.png\" alt=\"brygge\" width=\"585\" height=\"409\" srcset=\"http:\/\/moholmenmarina.no\/wp-content\/uploads\/2015\/06\/brygge-1024x716.png 1024w, http:\/\/moholmenmarina.no\/wp-content\/uploads\/2015\/06\/brygge-300x210.png 300w, http:\/\/moholmenmarina.no\/wp-content\/uploads\/2015\/06\/brygge.png 1248w\" sizes=\"auto, (max-width: 585px) 100vw, 585px\" \/><\/a><\/p>\n","protected":false},"excerpt":{"rendered":"<p>Moskj\u00e6ran Marina ble etablert i 2008 av ildsjeler som hadde tro p\u00e5 en sentrumsn\u00e6r sm\u00e5b\u00e5thavn. Det er brukt ca kr. 10.000.000 for \u00e5 f\u00e5 havnen slik den er i dag. Det er totalt 75 b\u00e5tplasser i marinaen og det er 10 gjesteplasser. Pris for gjesteplasser er kr. 150,- pr. d\u00f8gn. Det er vann og str\u00f8m &#8230; <a class=\"read-more\" href=\"http:\/\/moholmenmarina.no\/index.php\/havna\/\">Read more&#8230;<\/a><\/p>\n","protected":false},"author":1,"featured_media":0,"parent":0,"menu_order":0,"comment_status":"closed","ping_status":"open","template":"","meta":{"footnotes":""},"class_list":["post-31","page","type-page","status-publish"],"_links":{"self":[{"href":"http:\/\/moholmenmarina.no\/index.php\/wp-json\/wp\/v2\/pages\/31","targetHints":{"allow":["GET"]}}],"collection":[{"href":"http:\/\/moholmenmarina.no\/index.php\/wp-json\/wp\/v2\/pages"}],"about":[{"href":"http:\/\/moholmenmarina.no\/index.php\/wp-json\/wp\/v2\/types\/page"}],"author":[{"embeddable":true,"href":"http:\/\/moholmenmarina.no\/index.php\/wp-json\/wp\/v2\/users\/1"}],"replies":[{"embeddable":true,"href":"http:\/\/moholmenmarina.no\/index.php\/wp-json\/wp\/v2\/comments?post=31"}],"version-history":[{"count":13,"href":"http:\/\/moholmenmarina.no\/index.php\/wp-json\/wp\/v2\/pages\/31\/revisions"}],"predecessor-version":[{"id":192,"href":"http:\/\/moholmenmarina.no\/index.php\/wp-json\/wp\/v2\/pages\/31\/revisions\/192"}],"wp:attachment":[{"href":"http:\/\/moholmenmarina.no\/index.php\/wp-json\/wp\/v2\/media?parent=31"}],"curies":[{"name":"wp","href":"https:\/\/api.w.org\/{rel}","templated":true}]}}